-s*j. List the prime factors of (1 + (-25)/5)*j.
2
Let v(g) = -5644*g + 207. List the prime factors of v(-2).
5, 11, 19
List the prime factors of ((-10)/(-6))/((-81)/(-781002)).
2, 5, 1607
Let n(x) be the third derivative of 0*x - 5/6*x**3 + 2*x**2 - 13/60*x**5 + 0 - 13/24*x**4 - 1/120*x**6. What are the prime factors of n(-12)?
7
Let u(q) be the third derivative of 7*q**6/120 - q**5/30 + q**4/24 + 5*q**3/6 + 7*q**2. Let s be u(-2). Let a = s - -150. List the prime factors of a.
89
Let g = -10750 + 15362. What are the prime factors of g?
2, 1153
Let t(d) = -2*d**3 + 3*d**2 + 2*d + 1. Let q be t(-2). Suppose q*o = -3*o + 18648. What are the prime factors of o?
2, 3, 37
Let b(i) = 4*i**2 - 32*i - 51. Let c be b(21). Suppose -4*u + g = -c, 4*u + g = -371 + 1402. What are the prime factors of u?
7, 37
Let g(v) = -6*v**2 - 35*v + 32. Let t be g(13). Let b = t + 2065. List the prime factors of b.
2, 157
Let g(c) = 4*c - 51. Let v be g(13). What are the prime factors of 2/v*10/20 - -6?
7
Let s(y) = 6531*y**2 - 49*y + 82. What are the prime factors of s(2)?
2, 61, 107
Let s(q) = -3*q - 106. Let p(w) = w + 1. Let d(i) = 3*p(i) - s(i). List the prime factors of d(21).
5, 47
Let i(z) = 4716*z**2 + 113*z + 9. List the prime factors of i(2).
71, 269
Let f = -2 + 34. Suppose -4*u + f = 4*c, 5*u - 5*c - 30 = -0*c. List the prime factors of (-8)/12*u*-9.
2, 3, 7
Suppose 2 = x - 2*x. Suppose 23*v - 95 = -2*v + 55. List the prime factors of -5 - (x + -244)/v.
2, 3
Let y(c) = 131*c - 1661. List the prime factors of y(20).
7, 137
Suppose p + 4*b = -0*p + 134, -2*b - 4 = 0. Let j = p - 60. List the prime factors of j.
2, 41
Suppose 0 = -109*y + 114*y - 25. Let t be -2*3/(-12)*0. Suppose y*u + 4*r - 918 = 0, t = u + 2*r - 4*r - 178. What are the prime factors of u?
2, 7, 13
Let z = 51 + -59. Let n(q) = -64*q - 67. List the prime factors of n(z).
5, 89
Suppose 2*n - 7*n = -60. List the prime factors of 361 + 1 - (-10 + n) - -3.
3, 11
Let k(y) = -y**2 - 10*y - 2. Let c be k(-16). What are the prime factors of (-1)/2*2*c?
2, 7
Suppose 112*d - 108*d + 33413 = w, -4*w + 133760 = 2*d. What are the prime factors of w?
29, 1153
Let j(r) = -3*r**2 - 3*r - 1. Let q be j(-2). Let b(t) = -61*t - 39. What are the prime factors of b(q)?
2, 97
Suppose m = -x + 2, -3*m + x + 12 = -2*x. Suppose -m*j + 727 = -5*v, -2*j + 4*v + 281 + 203 = 0. What are the prime factors of j?
2, 61
Let l(s) = s**3 + 15*s**2 + 23*s + 14. Let v be l(-17). Let r = 1572 + v. Suppose 4*y - r = 95. What are the prime factors of y?
2, 89
Let l be 5058/63 - 4/14. Let g = l + -246. Let i = g - -238. What are the prime factors of i?
2, 3
Let y = 425 + 528. Suppose 0 = -7*i + 3522 - y. List the prime factors of i.
367
Let i(n) = -15*n**3 - 5*n**2 - 10*n. Let r be i(-4). Let c = r + -305. List the prime factors of c.
3, 5, 41
Let t(j) = 234*j + 209. Let g(u) = 5*u + 54. Let c be g(-10). List the prime factors of t(c).
5, 229
Suppose -q - 31 = 2*l - 7*l, 3*l = 4*q + 22. Suppose -39 = 3*n - 3*f, 3*n - 45 = l*n - 5*f. List the prime factors of 171/4 - n/40.
43
Let n be (25/(-20))/((-2)/8). Suppose -5*w + 15 = 5*l, -3*w + 4 = n*l - 5. Suppose 3*m - 5*b = 125, 144 = 4*m - b - l*b. What are the prime factors of m?
5, 7
Let h be 6 + ((-10)/2 - -2). Let s be (h - 7) + (-24)/(-3). What are the prime factors of s - (-42 - 0 - 2)?
2, 3
Suppose 4*s - 274 = 6810. List the prime factors of s.
7, 11, 23
Let n be -5*(-6)/(-2)*18/(-54). Suppose n*w - 3188 - 867 = 0. What are the prime factors of w?
811
Let x = -51 - -16. Let h be ((-12)/15)/((-1)/x). Let j = 33 + h. What are the prime factors of j?
5
List the prime factors of 72989 + 143 - 1*12.
2, 5, 457
Suppose 4*h = 3*c - 1291 - 1648, -c + 4*h = -969. Let b = c + 104. List the prime factors of b.
3, 11
Let b be -2 - 64/(-36) - (-188)/36. Suppose -b*a = -529 - 461. List the prime factors of a.
2, 3, 11
Suppose 3*c = -3*c + 48. Let v(z) = 16 + 21 + 6*z - 13. List the prime factors of v(c).
2, 3
What are the prime factors of (-2)/28 + (-10 - 1634647/(-98))?
2, 5, 1667
Suppose -175312 = 130*b - 134*b - 45656. List the prime factors of b.
2, 19, 853
Suppose 26*o - 3688 = 992. Suppose 96 = -o*r + 183*r. List the prime factors of r.
2
Let r = 121 - 108. Suppose -3*o = 4 - r. Suppose o*a + 99 = 3*h, -153 = -5*h - 2*a + 4*a. What are the prime factors of h?
29
Suppose 0 = 2*r - b - 85709, -2*r + 61524 = -3*b - 24167. What are the prime factors of r?
42859
Suppose -6*l + 18 = 0, 0*i + i - 7783 = l. List the prime factors of i.
2, 17, 229
Suppose 3*x - 15 = -j, 73 = -4*j + 7*j + 2*x. Suppose j*w = 12482 - 2924. List the prime factors of w.
2, 3, 59
Suppose 2*m - 509 = -489. Suppose 11*i = m*i + 45. What are the prime factors of i?
3, 5
Suppose 0 = 50*z - 358405 - 1720552 - 84343. List the prime factors of z.
2, 3, 7211
Let v(w) = 11*w**2 - 138*w - 1529. What are the prime factors of v(-51)?
2, 5, 853
Let t be 15/(-10) + 6 + -2 + 91/(-26). Let x be -1*1*(-2)/1. What are the prime factors of (-2603)/(-38) - (t/x - -1)?
2, 17
Let b(r) = 2*r**2 - 25*r + 80. Let h be b(5). Suppose -6*a + 595 = -5*a - o, h*o = -2*a + 1190. List the prime factors of a.
5, 7, 17
Suppose 2*j = 5*i - 230182, -56*i + 3*j - 230152 = -61*i. List the prime factors of i.
2, 23017
Let o be (-64)/(6/20*20/96). Let y = o - -2108. What are the prime factors of y?
2, 271
Suppose 0 = 9*c - 1560 - 2895. Suppose -p = -131 - c. List the prime factors of p.
2, 313
Suppose 68 = -2*y + 78. Suppose -2*w - 464 = -o + w, -1771 = -4*o - y*w. Suppose 0 = -4*d + o - 77. What are the prime factors of d?
3, 31
Let s(v) = 2*v + 73. Let n be s(-32). Suppose 9461 = n*j + 20. List the prime factors of j.
1049
Suppose -6*c = c - 700. Let w(o) = 27*o**2 - 7. Let t be w(-3). Let h = t - c. List the prime factors of h.
2, 17
Let t = -22034 - -23713. What are the prime factors of t?
23, 73
Let t(i) = 58*i - 68. Let d be t(18). Suppose 0*g = 8*g - d. What are the prime factors of g?
2, 61
Let y be (-7 - 6)/(-65)*-15. Let u(l) = -l**3 + 4*l**2 + 4*l + 5. Let j be u(5). List the prime factors of (-89)/((1 - j)*-1) + y.
2, 43
Let b(k) = 11*k**3 - 39*k**2 + 4*k - 27. List the prime factors of b(6).
3, 17, 19
Let b = 11472 - 3292. List the prime factors of b.
2, 5, 409
Let s = -2118 + 5345. What are the prime factors of s?
7, 461
Let v(q) = -q**3 - 5*q**2 - 4*q - 2. Let g be v(-5). Suppose 4*d - 7*d = -g. Suppose y + d*y - 357 = 0. List the prime factors of y.
3, 17
Let x(g) be the first derivative of g**3/3 - 3*g**2/2 + 18*g + 62. What are the prime factors of x(-20)?
2, 239
Suppose 8*i - 51741 = -13485. List the prime factors of i.
2, 3, 797
Let b be 6*2/4 + 124. Let d = -132 + b. List the prime factors of d - -4 - (-202 - (0 - 1)).
2, 5
What are the prime factors of (24 - 258480/(-75))*5?
2, 3, 241
Let y = 200 - 196. Let f(z) = 37*z - 33. List the prime factors of f(y).
5, 23
Let x(w) = 248*w**2 - 19*w - 105. List the prime factors of x(-7).
2, 3, 5, 7, 29
Suppose -4*f + 15 = -x, -f - 5 = -3*f + 3*x. Suppose 5*j - f*j = 172. List the prime factors of j.
2, 43
Let r(t) be the first derivative of 3*t**2/2 + 170*t + 9. Let q be r(0). Suppose 7*b - q = 2*b. What are the prime factors of b?
2, 17
Let a be (-3)/(-8) + 315/56. Suppose 0 = -5*o - 2*b - 55, 3*b = -o + 2*o - a. Let p = -6 - o. What are the prime factors of p?
3
Suppose 3*a - 34 = -2*t, -5*t - 4*a + 85 + 14 = 0. Suppose t*s - 19*s = 16. Suppose 0 = -4*i - s*n + 284, 4*i + 94 - 388 = -2*n. List the prime factors of i.
2, 19
Suppose -4*r - 1578 = -4*c + 2646, 3*c - 1058 = r. Let h = -350 - r. List the prime factors of h.
3, 5, 47
Suppose 7*z = -k + 2*z + 5, -5*z = -5*k + 25. List the prime factors of (-5)/150*k - 4850/(-12).
2, 101
Let h = -15199 - -24115. List the prime factors of h.
2, 3, 743
Let f be (3/(-3))/((2/1)/(-42)). List the prime factors of 0/f - 3*-246.
2, 3, 41
Suppose -c + 53288 = 2*u, -c + 322*u = 326*u - 53300. What are the prime factors of c?
2, 19, 701
Let y(s) = -5*s**2 - 18*s - 79. Let d(j) = j**2 - j + 2. Let z(f) = 6*d(f) + y(f). What are the prime factors of z(33)?
2, 5, 23
Let l be -12 + (5 + 7 - -144). Let q(g) = 42*g**2 - 2*g + 1. Let c be q(-3). Let h = c - l. List the prime factors of h.
241
Suppose -4*f + 351 = -253. Suppose 0*x + 5*x + h = f, -3*x + 77 = 4*h. W